287
Calculate the remainder when 133295 is divided by 7350.
995
Calculate the remainder when 234580 is divided by 187.
82
What is the remainder when 150614117 is divided by 10?
7
What is the remainder when 855040 is divided by 1181?
1177
Calculate the remainder when 15167 is divided by 14988.
179
Calculate the remainder when 62084 is divided by 8858.
78
Calculate the remainder when 366645 is divided by 181.
120
Calculate the remainder when 5591688 is divided by 3270.
3258
What is the remainder when 37618724 is divided by 508361?
10
Calculate the remainder when 129883 is divided by 43292.
7
Calculate the remainder when 19079889 is divided by 1382.
1379
Calculate the remainder when 2124043 is divided by 1062001.
41
Calculate the remainder when 2122589 is divided by 933.
14
What is the remainder when 130447 is divided by 1514?
243
What is the remainder when 5426844 is divided by 11259?
6
Calculate the remainder when 872600 is divided by 325.
300
What is the remainder when 4443761 is divided by 403978?
3
Calculate the remainder when 773909 is divided by 199.
197
Calculate the remainder when 7995089 is divided by 86903.
13
Calculate the remainder when 2478506 is divided by 538.
478
Calculate the remainder when 67329 is divided by 8289.
1017
Calculate the remainder when 691777 is divided by 180.
37
Calculate the remainder when 432303 is divided by 13926.
597
What is the remainder when 6346 is divided by 1758?
1072
What is the remainder when 686778 is divided by 371?
57
Calculate the remainder when 56161 is divided by 18653.
202
What is the remainder when 117443 is divided by 2582?
1253
Calculate the remainder when 644677 is divided by 53722.
13
What is the remainder when 9652969 is divided by 1930591?
14
What is the remainder when 390055 is divided by 4438?
3949
Calculate the remainder when 69657 is divided by 32593.
4471
Calculate the remainder when 141670 is divided by 141647.
23
What is the remainder when 445838 is divided by 111443?
66
Calculate the remainder when 1632840 is divided by 19205.
415
What is the remainder when 16419 is divided by 169?
26
Calculate the remainder when 3872692 is divided by 1617.
1594
Calculate the remainder when 14982398 is divided by 2903.
15
Calculate the remainder when 347690 is divided by 68456.
5410
What is the remainder when 81590548 is divided by 610?
608
What is the remainder when 14199313 is divided by 1177?
1162
Calculate the remainder when 25049563 is divided by 69.
10
Calculate the remainder when 794600 is divided by 362.
10
What is the remainder when 204807 is divided by 40211?
3752
Calculate the remainder when 2198856 is divided by 91618.
24
Calculate the remainder when 1066036 is divided by 24227.
48
What is the remainder when 9454724 is divided by 332?
28
Calculate the remainder when 5956159 is divided by 64.
63
What is the remainder when 1201518 is divided by 16459?
11
Calculate the remainder when 5685868 is divided by 424.
28
Calculate the remainder when 13019871 is divided by 506.
491
What is the remainder when 2625855 is divided by 370?
335
What is the remainder when 4442081 is divided by 477?
257
What is the remainder when 821463 is divided by 2903?
2817
Calculate the remainder when 835775 is divided by 417814.
147
What is the remainder when 41966 is divided by 39372?
2594
Calculate the remainder when 84966961 is divided by 2404.
2389
Calculate the remainder when 700523 is divided by 2791.
2773
What is the remainder when 16694992 is divided by 556499?
22
Calculate the remainder when 196147 is divided by 65342.
121
Calculate the remainder when 98668835 is divided by 252.
251
Calculate the remainder when 43729874 is divided by 63.
62
Calculate the remainder when 133291 is divided by 1441.
719
Calculate the remainder when 724752 is divided by 362361.
30
What is the remainder when 29077631 is divided by 39?
11
What is the remainder when 309139 is divided by 4037?
2327
Calculate the remainder when 118586396 is divided by 100.
96
What is the remainder when 272369 is divided by 271125?
1244
What is the remainder when 146640 is divided by 3330?
120
Calculate the remainder when 1804872 is divided by 3890.
3802
Calculate the remainder when 197007 is divided by 289.
198
Calculate the remainder when 22274661 is divided by 22.
13
What is the remainder when 7128 is divided by 1855?
1563
What is the remainder when 163447 is divided by 40847?
59
Calculate the remainder when 425915 is divided by 429.
347
Calculate the remainder when 14014856 is divided by 14014729.
127
Calculate the remainder when 57646 is divided by 1080.
406
What is the remainder when 114750855 is divided by 23?
14
Calculate the remainder when 6426554 is divided by 4715.
9
Calculate the remainder when 5361552 is divided by 81.
0
Calculate the remainder when 381458674 is divided by 257.
256
What is the remainder when 1077995 is divided by 37?
0
What is the remainder when 4115093 is divided by 127?
39
Calculate the remainder when 141569 is divided by 277.
22
What is the remainder when 79488 is divided by 110?
68
Calculate the remainder when 388760 is divided by 1640.
80
Calculate the remainder when 895517 is divided by 298437.
206
Calculate the remainder when 662742 is divided by 165659.
106
Calculate the remainder when 253234 is divided by 11041.
10332
Calculate the remainder when 3928809 is divided by 282.
267
Calculate the remainder when 2893339 is divided by 723266.
275
Calculate the remainder when 13623 is divided by 3126.
1119
What is the remainder when 20271 is divided by 3243?
813
What is the remainder when 789886 is divided by 13?
6
Calculate the remainder when 3802003 is divided by 804.
691
What is the remainder when 44377854 is divided by 1132?
58
What is the remainder when 22296748 is divided by 2877?
2875
What is the remainder when 176656918 is divided by 120?
118
What is the remainder when 73299124 is divided by 65?
54
What is the remainder when 1387988 is divided by 346982?
60
What is the remainder when 1261580 is divided by 366?
344
Calculate the remainder when 2251496 is divided by 2251490.
6
Calculate the remainder when 218232 is divided by 1560.
1392
Calculate the remainder when 324866 is divided by 2228.
1806
Calculate the remainder when 256701211 is divided by 4503530.
1
What is the remainder when 312790 is divided by 65?
10
What is the remainder when 92418 is divided by 87316?
5102
What is the remainder when 944446 is divided by 24213?
139
Calculate the remainder when 106354108 is divided by 15.
13
What is the remainder when 1158237 is divided by 2738?
63
Calculate the remainder when 213419 is divided by 5616.
11
Calculate the remainder when 5217069 is divided by 25449.
24
What is the remainder when 502247 is divided by 775?
47
Calculate the remainder when 156703 is divided by 419.
416
Calculate the remainder when 394146 is divided by 3558.
2766
Calculate the remainder when 43471 is divided by 1887.
70
What is the remainder when 338136 is divided by 166?
160
What is the remainder when 21668 is divided by 6898?
974
What is the remainder when 2321718 is divided by 270?
258
What is the remainder when 15133272 is divided by 2161887?
63
What is the remainder when 146773 is divided by 12145?
1033
What is the remainder when 89208 is divided by 4522?
3290
Calculate the remainder when 115489440 is divided by 1478.
1476
Calculate the remainder when 15434270 is divided by 420.
110
Calculate the remainder when 265846 is divided by 22146.
94
What is the remainder when 5883629 is divided by 766?
749
Calculate the remainder when 36047901 is divided by 44669.
18
What is the remainder when 243448 is divided by 2647?
2571
What is the remainder when 694350034 is divided by 2502?
2500
What is the remainder when 139131 is divided by 5523?
1056
Calculate the remainder when 241951 is divided by 351.
112
Calculate the remainder when 20840493 is divided by 157.
156
What is the remainder when 808041257 is divided by 2930?
2927
Calculate the remainder when 26853373 is divided by 80399.
107
Calculate the remainder when 4288196 is divided by 31.
28
Calculate the remainder when 4195599 is divided by 617.
616
What is the remainder when 18896044 is divided by 914?
8
Calculate the remainder when 28009 is divided by 13835.
339
Calculate the remainder whe